{"id":716,"date":"2022-11-30T15:49:13","date_gmt":"2022-11-30T15:49:13","guid":{"rendered":"https:\/\/studio-drei.com\/?page_id=716"},"modified":"2022-12-04T19:54:55","modified_gmt":"2022-12-04T19:54:55","slug":"willkommen-beim-studio-drei","status":"publish","type":"page","link":"https:\/\/studio-drei.com\/","title":{"rendered":"Willkommen beim Studio DREI"},"content":{"rendered":"\n<p>An unseren Standorten in M\u00fcnchen, K\u00f6ln und Mannheim produzieren wir Animationen mit hohem k\u00fcnstlerischen und kreativen Anspruch. Unsere Arbeiten in den Bereichen Stopmotion, Zeichentrick, 2D und 3D werden regelm\u00e4\u00dfig auf internationalen Filmfestivals gezeigt und ausgezeichnet.<\/p>\n\n\n\n<p>Wir arbeiten f\u00fcr Film-, Fernseh- und Theaterproduktionen, Werbeagenturen, Unternehmen sowie f\u00fcr Museen und Verlage. F\u00fcr unsere Kunden haben wir immer den  ganzheitlichen Prozess im Blick &#8211; angefangen bei der ersten Ideenfindung und Konzeption im Expos\u00e9, \u00fcber das Charakterdesign, die Storyboard-Entwicklung bis hin zur eigentlichen Animation, der Regie sowie der Postproduktion. <\/p>\n\n\n\n<p>Unsere besonderen St\u00e4rken ergeben sich dabei aus unseren gemeinsamen kreativen Kompetenzen: Animationsfilme, Kurzanimationen, Kinderfernsehen und animierte Werbefilme.<\/p>\n","protected":false},"excerpt":{"rendered":"<p>An unseren Standorten in M\u00fcnchen, K\u00f6ln und Mannheim produzieren wir Animationen mit hohem k\u00fcnstlerischen und kreativen Anspruch. Unsere Arbeiten in den Bereichen Stopmotion, Zeichentrick, 2D und 3D werden regelm\u00e4\u00dfig auf internationalen Filmfestivals gezeigt und ausgezeichnet. Wir arbeiten f\u00fcr Film-, Fernseh- und Theaterproduktionen, Werbeagenturen, Unternehmen sowie f\u00fcr Museen und Verlage. F\u00fcr unsere Kunden haben wir immer &hellip; <\/p>\n<p class=\"link-more\"><a href=\"https:\/\/studio-drei.com\/\" class=\"more-link\"><span class=\"screen-reader-text\">\u201eWillkommen beim Studio DREI\u201c<\/span> weiterlesen<\/a><\/p>\n","protected":false},"author":1,"featured_media":0,"parent":0,"menu_order":0,"comment_status":"closed","ping_status":"closed","template":"","meta":{"footnotes":""},"class_list":["post-716","page","type-page","status-publish","hentry"],"_links":{"self":[{"href":"https:\/\/studio-drei.com\/index.php?rest_route=\/wp\/v2\/pages\/716","targetHints":{"allow":["GET"]}}],"collection":[{"href":"https:\/\/studio-drei.com\/index.php?rest_route=\/wp\/v2\/pages"}],"about":[{"href":"https:\/\/studio-drei.com\/index.php?rest_route=\/wp\/v2\/types\/page"}],"author":[{"embeddable":true,"href":"https:\/\/studio-drei.com\/index.php?rest_route=\/wp\/v2\/users\/1"}],"replies":[{"embeddable":true,"href":"https:\/\/studio-drei.com\/index.php?rest_route=%2Fwp%2Fv2%2Fcomments&post=716"}],"version-history":[{"count":41,"href":"https:\/\/studio-drei.com\/index.php?rest_route=\/wp\/v2\/pages\/716\/revisions"}],"predecessor-version":[{"id":925,"href":"https:\/\/studio-drei.com\/index.php?rest_route=\/wp\/v2\/pages\/716\/revisions\/925"}],"wp:attachment":[{"href":"https:\/\/studio-drei.com\/index.php?rest_route=%2Fwp%2Fv2%2Fmedia&parent=716"}],"curies":[{"name":"wp","href":"https:\/\/api.w.org\/{rel}","templated":true}]}}